prime factors of 150/1 - (-9 + i)?
5, 29
Let p(l) = -2*l - 6. Let u be p(-5). Suppose -3*v + 40 = 17*v. List the prime factors of 10*4/u*v.
2, 5
Let a = -7206 + 10321. List the prime factors of a.
5, 7, 89
Suppose -3 = z - b - 13, 2*b = 4*z - 30. Suppose -4*j - 6*l = -2*l - 20, 3*j = z*l + 7. List the prime factors of 24/(2 - (-3 + j)).
2, 3
Suppose -2 = 5*h + 4*d - 43, 20 = 5*d. Suppose 3*n - h = -2*n, -4*m + 5*n = 5. What are the prime factors of (-30 - m)/(6 + -8)?
3, 5
Suppose -m - 3*u + 286 = 0, -4*u = 3*m - 193 - 680. What are the prime factors of m?
5, 59
Suppose 0*b + 4*b = -x + 115, -3*x + 55 = 2*b. Suppose -13 - b = -k. List the prime factors of k.
2, 3, 7
Suppose -a = -4*b + 2*b - 225, 2*a = -2*b + 450. Suppose 2*z + a = -3*z - 5*l, 168 = -4*z + 2*l. Let s = 72 + z. What are the prime factors of s?
29
List the prime factors of ((-2002)/273)/(4/(-2382)).
11, 397
Let h(c) = 2*c + 10. Let d be h(0). Suppose 2*z = d, -2*n - 3*z = -132 - 325. What are the prime factors of n?
13, 17
Suppose 2*h + 6 = -0*h. Let q be (1 - h) + (-141)/(-3). Let t = -15 + q. List the prime factors of t.
2, 3
Suppose s - 3*o - 575 = 1690, -11297 = -5*s + o. What are the prime factors of s?
3, 251
List the prime factors of (8060/(-16))/(13/(-4) - -3).
5, 13, 31
Let y = -44 + 61. Suppose 0 = 16*i - y*i + 10. List the prime factors of i.
2, 5
Suppose -2*x + l = 123, 5*l - 237 = 4*x - 0*l. Let m = x + 89. List the prime factors of m.
2, 13
Let v(h) = -142*h + 27. What are the prime factors of v(-13)?
1873
Suppose 4*r = 79 + 153. Let y = r + -86. List the prime factors of (-2)/(-8) + (-1141)/y.
41
Let p be ((-6)/(-9))/(1393/(-465) - -3). Suppose 0 = -2*k - 4, 0 = -3*x + 4*k + p + 96. What are the prime factors of x?
3
Suppose -2*d = 4*l - 9998, 7*l - 9*l + 4987 = 5*d. List the prime factors of l.
41, 61
Let c(n) = 2*n**3 - 66*n**2 + 16*n + 53. What are the prime factors of c(33)?
7, 83
Let g be 3*(4 - 575/(-15)). Suppose 3*x - 4*b = 381, -x + 5*b = 2*b - g. List the prime factors of x.
127
Suppose -4*c = -2*m + 72, -4*m - 2*c + 118 = 3*c. Suppose a + 3*w = m, -5*a + 228 = -0*w - 2*w. List the prime factors of a.
2, 11
What are the prime factors of (-1640456)/(-265) + 6/10?
41, 151
Let b(n) = n**2 + 28*n + 1268. What are the prime factors of b(0)?
2, 317
Let f = 2 - -4. Let w(g) = 3*g - f*g**2 - 3 + g**3 - 5*g + 4*g + 13*g**2. What are the prime factors of w(-6)?
3, 7
Suppose -15*c + 12*c = -99. List the prime factors of c.
3, 11
Let q(o) = 7*o**2 + 1. Let l be q(1). Suppose l*g - 41 = 7*g. Let y = 63 - g. What are the prime factors of y?
2, 11
List the prime factors of (4129 - 2)*(67 + -66).
4127
Suppose 0 = -5*h - 3*f + 1624 + 970, -4*h + 2062 = -2*f. List the prime factors of h.
11, 47
Suppose m - 6*m = 90. Let o = -68 + 77. List the prime factors of (-8 - 0)/(o/m).
2
Let t(j) = -7*j - 2. Let l(q) = q. Let z(r) = -6*l(r) - t(r). Let x = 18 - 13. List the prime factors of z(x).
7
Let p = -44 - -32. What are the prime factors of (-194)/(-3) - -2*(-2)/p?
5, 13
Let k(s) be the second derivative of -7*s**3/6 - s**2 + 3*s. Let w be k(-1). Suppose 10*j - w*j - 3*o - 281 = 0, 3*o = 4*j - 226. List the prime factors of j.
5, 11
Suppose 5*n - 2305 = 5*y, n + 3*y - 536 = -59. List the prime factors of n.
3, 5, 31
Let o(n) = 5*n + n**2 + 4 + 0*n**2 + 0*n + 1. Let m be o(-5). Suppose 4*v - 5*l - 120 = 126, 3*v = m*l + 187. What are the prime factors of v?
59
Let u = -251 + 5. List the prime factors of (0 - u)*(-14)/(-28).
3, 41
Suppose 83*g + 44700 = 93*g. List the prime factors of g.
2, 3, 5, 149
Let a(n) = 86*n - 50. What are the prime factors of a(15)?
2, 5, 31
List the prime factors of (-1)/(-15) - 98547/(-45).
2, 3, 5, 73
Let l(u) = -u - 9. Let y be l(7). Let x(t) = t + 48. What are the prime factors of x(y)?
2
Let v be ((-855)/30)/((6/(-4))/(-3)). Let q = v + 109. What are the prime factors of q?
2, 13
Let i(l) = 2*l - 1. Let h be i(3). Let c(k) be the third derivative of k**4/24 + k**3/3 + 2*k**2. What are the prime factors of c(h)?
7
Suppose j - 56 = -j. Let r = j - 18. List the prime factors of (-8)/r*(-79 + 4).
2, 3, 5
List the prime factors of -6 + 3 + 0 + 2629 - -2.
2, 3, 73
Let z(f) = f**2 - 5*f + 10. Let p be z(-9). Suppose 6*d = 10*d - p. List the prime factors of d.
2, 17
What are the prime factors of -3 + (4742/4 - (-17)/34)?
7, 13
Let i(l) be the third derivative of l**5/30 - l**4/24 + l**3/3 - l**2. List the prime factors of i(-4).
2, 19
Suppose 3*v - 15 = -5*w + 17, 5*v + 3*w = 80. Let g = 116 + v. What are the prime factors of g?
3, 5
Let c = 4391 - 1903. List the prime factors of c.
2, 311
Suppose m - 8 = -3*m. Let k(b) = 3*b**m + 0 - 2*b**2 + 41 - b. List the prime factors of k(0).
41
Let t = 8 + 12. Let s be (t/8 - 2)*-4. What are the prime factors of ((-36)/(-10))/(s/(-20))?
2, 3
Suppose 2*p - 5*u + 71 = 0, -p - 4*p - 245 = u. Let f = 105 + p. What are the prime factors of f?
3, 19
Let t = 3 - 1. Let z be (10/25)/(t/370). Suppose 0 = -4*d + 2*m + 34, -4*m + z = 5*d - 1. List the prime factors of d.
11
Let w(y) = 3*y - 1 + 24 + 0*y - 9*y. List the prime factors of w(-7).
5, 13
Let n = 8 - 2. Suppose 2*r = -4*u + 148, -5*u + r = n*r - 185. Suppose -5 + u = k. What are the prime factors of k?
2
Let h = -32 + 62. List the prime factors of (-10)/h - (-74)/6.
2, 3
Suppose z - 43 = j, 71 + 15 = 2*z - 4*j. Let y(g) = g. Let a be y(3). Suppose 5*n - 114 = -4*x, -n + a*n = x + z. List the prime factors of n.
2, 11
Suppose -4*u + 397 = g, -4*g + 5*g = 5*u - 485. Suppose -2*z + 98 = 2*v, -2*v = -0*z - 2*z + u. List the prime factors of z.
7
Let l(w) = 37*w**2 - 4*w - 5. Let c(j) = 37*j**2 - 5*j - 6. Let y(a) = -6*c(a) + 7*l(a). What are the prime factors of y(-1)?
2, 3
Let w be -3*((-11)/4 + (-2)/8). Suppose -w*p - 227 = -1505. List the prime factors of p.
2, 71
Let t = -1039 - -1828. What are the prime factors of t?
3, 263
Suppose -32*t + 29*t = -1590. What are the prime factors of t?
2, 5, 53
Let h be ((-6)/5)/((-6)/20). Suppose -3*u + 396 = -3*n, -130 - 398 = -h*u + 2*n. List the prime factors of u.
2, 3, 11
What are the prime factors of (3/3)/(2958/(-1480) + 2)?
2, 5, 37
Suppose -5*c + 483 = 4*h, 282 = 3*c - 6*h + 11*h. Let q = c - 51. List the prime factors of q.
2, 3
Suppose -5*o - 8*h = -9*h - 14458, 0 = -5*o + 4*h + 14467. List the prime factors of o.
7, 59
Let c be 3/(-9)*(0 + 0). Let t(i) = i + 116. What are the prime factors of t(c)?
2, 29
Let b = -19 + 24. What are the prime factors of 0/(-2) + 290/b?
2, 29
Let f = 40 + 60. Let a = f + -65. What are the prime factors of a?
5, 7
Let z be 4/(-22) + (-2)/(-11). Let f(x) = -2*x + 42. What are the prime factors of f(z)?
2, 3, 7
Suppose 253*u = 260*u - 5705. What are the prime factors of u?
5, 163
Let x be (1 - -64)*72/45. Suppose -5*t - w + 40 = -90, 4*t - x = w. Suppose 4*n - t = 34. What are the prime factors of n?
3, 5
Let f(m) = m**3 - 2*m**2 + 4*m - 2. Let l be f(3). Let j = l - 4. List the prime factors of j.
3, 5
Suppose 0 = 4*w - 5*l - 5, -2*w = -w - 3*l + 4. Suppose -11 = -2*p + w*a, -5*p - 4*a = -0*p - 44. List the prime factors of p.
2
Let n = 793 - 135. List the prime factors of n.
2, 7, 47
What are the prime factors of (-36)/27 - (17752/(-6))/2?
2, 739
Let l be 274 - 7/((-14)/4). Let d = l + -160. What are the prime factors of d?
2, 29
Let k = -48 - -178. List the prime factors of k.
2, 5, 13
Let q = 3258 + -2821. List the prime factors of q.
19, 23
Let l = 214 + -315. Let q = l - -124. What are the prime factors of q?
23
Let m(c) = -c**2 + 21*c - 87. Let u be m(15). Let l = 21 + -6. Suppose l = -u*g + 159. List the prime factors of g.
2, 3
Let o = -32 + 54. Suppose 4*i - o = 30. List the prime factors of i.
13
Suppose 180 = 2*v - 2*c, -2*v + 480 = 3*v + 5*c. List the prime factors of v.
3, 31
Let x = -8 + 8. Suppose x = -0*s + s - 246. What are the prime factors of s?
2, 3, 41
Let f(w) = w**3 + 12*w**2 + 9*w - 4. Let a be f(-8). Suppose 6*s + a = 3*s. Let g = s + 96. What are the prime factors of g?
2, 3
Let b(u) = 1. Let h(y) = y**2 - 10*y - 13. Let s(d) = -6*b(d) - h(d). Let v be s(7). List the prime factors of (v/(-10))/((-4)/20).
2, 7
Let h(l) be the second derivative of 13*l**4/12 - l**3/2 + l**2 - 3*l. What are the prime factors of h(1)?
2, 3
Suppose -12256 = -6*q - 1960. What are 